5*b = -48 - 1, 0 = -3*z - 4*b + 70. Suppose 0 = c + c - 26. Calculate the remainder when z is divided by c.
9
Suppose -357 = 8*s - 445. Calculate the remainder when 87 is divided by s.
10
Let j = -885 - -960. Calculate the remainder when j is divided by 11.
9
Let m = 20 - 12. Let l = 22 + m. What is the remainder when 59 is divided by l?
29
Let o = -40 + 61. Let d = 64 + -61. Suppose -2*h - 3*w = w - 158, d*w + 84 = h. What is the remainder when h is divided by o?
18
Let k be -4 - -5 - -88 - -1. Suppose -k = q - l, 3*l - 365 = 6*q - 2*q. Let p = -12 - q. What is the remainder when p is divided by 17?
15
Let s(f) = f**3 - 26*f**2 + 49*f + 19. What is the remainder when 299 is divided by s(24)?
41
Let m be 146/30 - 14/(-105). Suppose 0 = -m*y - 11 + 81. What is the remainder when 66 is divided by y?
10
Suppose 90 = 3*k - 2*j, -5*k - 6*j + 150 = -3*j. Let u be (8/6)/(430/105 - 4). Suppose u*m - 5*m = 99. Calculate the remainder when k is divided by m.
8
Let p = 246 - 67. Calculate the remainder when p is divided by 7.
4
Let w be (-3 - 5/(-2))*-12. Let b(a) = -a**3 + 6*a**2 + a + 4. Calculate the remainder when 29 is divided by b(w).
9
Calculate the remainder when 1348 is divided by (-46 + -11)/(-3) + -1.
16
Suppose 0 = 4*i + 2*a + 3*a - 39, 3*i - 9 = 3*a. Suppose 1 + 41 = i*n. What is the remainder when 24 is divided by n?
3
Suppose 0 = 5*f + 5*p - 265, f - 3*p - 35 = 30. Suppose -f*z - 12 = -57*z. Calculate the remainder when 21 is divided by z.
9
Let l(c) = -10*c - c**3 - 1 - 9*c**2 - 12*c + 13*c. Let r be l(-8). Suppose u - 3 = -3*m, -5*m - 3 = r. Calculate the remainder when u is divided by 7.
2
Let g be (1*-1)/(-7 - -6). Calculate the remainder when 15 + 2*(g - (-6)/(-4)) is divided by 6.
2
Let o(v) = 7*v**3 + 3*v**2 + 5*v - 16. Calculate the remainder when o(2) is divided by 32.
30
Suppose -5*s + 75 = -150. Suppose 4*t - s - 17 = 2*x, 3*t - 48 = 3*x. Calculate the remainder when 42 is divided by t.
12
Let y = -75 + 107. What is the remainder when 153 is divided by y?
25
Suppose 2*m - 3*m = -404. Calculate the remainder when m is divided by 37.
34
What is the remainder when 49 is divided by (1 - 2/4) + 5733/294?
9
Suppose 3*w = -3*a + 9, 4*w - 6*a - 21 = -a. Suppose -90 = -3*m + 3*z + 21, 139 = w*m + 5*z. What is the remainder when 64 is divided by m?
28
Let f = -357 - -396. What is the remainder when f is divided by 16?
7
Suppose 8*w - w - 77 = 0. What is the remainder when 43 is divided by w?
10
What is the remainder when 93 is divided by 130/70*2 - 4/(-14)?
1
Let k be (-32)/(-20)*30/6. Suppose -k = 15*h - 17*h. What is the remainder when 9 is divided by h?
1
Suppose -2*j + 0 = 10. Let y(z) = -z**3 - 4*z**2 + 6*z - 4. Let l be y(j). What is the remainder when 50 is divided by (-74)/(-6) - 6/l?
11
Suppose -15*h - 1 = -46. Calculate the remainder when 37 is divided by h.
1
Let j = 6442 + -6433. Suppose 0 = 5*h + 2*m - 77 + 9, 2*h - 36 = -3*m. Calculate the remainder when h is divided by j.
3
Let d = -2337 + 2501. Calculate the remainder when d is divided by 19.
12
Suppose 7*r + 5 - 12 = 0. Suppose m - 3*w + r = 0, m = -2*m + w + 29. Let o = 13 + 8. What is the remainder when o is divided by m?
10
Suppose 6*d - 4*d - 4*z = 168, 0 = -3*d + 4*z + 248. Calculate the remainder when d is divided by 5.
0
Let s(k) = 43*k**2 - k. Let w be s(2). Let p = 616 + -521. Suppose w = 5*t - p. Calculate the remainder when t is divided by 18.
17
Suppose -2*r + 21 + 43 = 0. Let v be 10/(-15) - 4/(-6). Suppose a + 2*a - 5*p - 31 = v, -17 = -3*a - 2*p. What is the remainder when r is divided by a?
4
Let y = -8 + -3. Let z(r) = r**3 + 11*r**2 - 2*r. Let m = 42 + -30. What is the remainder when z(y) is divided by m?
10
Suppose -59*g + 52*g + 231 = 0. What is the remainder when g is divided by 12?
9
Let x(a) = a**2 + a + 4. Let p(k) = -k**2 - 9*k - 2. Let h be p(-8). What is the remainder when (h/8)/(7/56) is divided by x(0)?
2
Suppose 0*d - 786 = -6*d. Let p = d - 76. Suppose 6*n - 4*n + 2*j - 58 = 0, 5*n + 4*j = 145. What is the remainder when p is divided by n?
26
Let j be (7/21)/(1/24). Let m(x) = -9*x**2 + j*x**2 + 15 + 7*x + 0*x - 2. Calculate the remainder when 8 is divided by m(8).
3
Suppose -4 = h - 8, -h = 4*x - 304. What is the remainder when x is divided by 38?
37
Let r = 122 - 862. Let t be r/(-140) - (-4)/(-14). Suppose t*q - j - 4*j = 170, 4*q = -3*j + 101. What is the remainder when 56 is divided by q?
27
Calculate the remainder when 183*(-2 + (-7)/(-3)) is divided by 17.
10
Suppose -18 = -0*m - 2*m + 2*f, m = -2*f. Suppose 0 = m*c - 8*c + 64. Calculate the remainder when c is divided by 17.
15
Let b be 22 + 0 + (3 - 8). Let q = 13 + 13. Let f = q - b. What is the remainder when 26 is divided by f?
8
Suppose 0 = -3*f - 2*w + 61, -2*w + 107 = 5*f - 0*f. Let n(j) = j**2 - 23*j + 17. Suppose 5*k = 2*k + 18. What is the remainder when n(f) is divided by k?
5
Let w = -247 + 938. Calculate the remainder when w is divided by 170.
11
Let l(v) = -2*v + 2. Let y be l(1). Suppose -5*k + 30 = -y*k. Suppose -3*b = -k*b - p + 30, 5*b - 61 = 2*p. What is the remainder when 41 is divided by b?
8
Let c = -138 + 133. What is the remainder when 31 is divided by (-4 - c)/((-1)/(-17))?
14
What is the remainder when (3/9)/(4/2556) + -4 is divided by 88?
33
What is the remainder when 337 is divided by ((-65)/390)/(2/(-204))?
14
Suppose -26 = 12*h - 14*h. Calculate the remainder when 310 is divided by h.
11
Suppose 267 = 7*w - 342. What is the remainder when w is divided by 22?
21
Suppose 3*l + 3 = 0, -6 + 1 = -2*z - 3*l. Suppose -n = 5*d - 110, 3*n - 6*n + 88 = z*d. Calculate the remainder when 65 is divided by d.
21
Let i(m) = 4*m**2 - 173*m + 62. Calculate the remainder when 321 is divided by i(43).
17
Let u = 346 + -323. What is the remainder when 275 is divided by u?
22
Let c(k) = k + 3. Let i be c(-3). Suppose 4*b - 37 - 3 = i. What is the remainder when 49 is divided by b?
9
Let p = -20 - -178. What is the remainder when p is divided by 80?
78
Suppose -4 = -4*y + 4*d, -4*d - 13 = 3*y + d. What is the remainder when 19 is divided by (-11)/y*(0 + 3 - 2)?
8
Let f(v) = -37*v + 229. What is the remainder when f(4) is divided by 19?
5
Let m(u) = -5*u**3 - 2*u**2 - 2*u. Suppose g = 6*g - 100. What is the remainder when m(-2) is divided by g?
16
Suppose -3*r = -4*u - 0*r + 417, u + 3*r - 108 = 0. Let a(l) = l**3 + 2*l**2 + 2*l + 54. What is the remainder when u is divided by a(0)?
51
Suppose 3*t - 2*g = 15, 13 = 5*t - g - 12. Suppose -20 = t*i, -2*b - b = -2*i - 50. Calculate the remainder when 25 is divided by b.
11
Suppose 5*c = -3*z + 576, 5*z = 6*c - 4*c - 218. Suppose -4*t = -c + 6. Calculate the remainder when 77 is divided by t.
23
Suppose 3*p - 26 = -2*q, 22 = 3*q + p - 3. Suppose -3*y - 58 = -274. Suppose 13*z - y = 9*z. What is the remainder when z is divided by q?
4
Let o(u) = 62*u**2 - 3*u + 4. Calculate the remainder when o(1) is divided by 3.
0
Suppose -5 - 5 = -5*y, 4*y = m - 5. What is the remainder when 25 is divided by m?
12
Suppose 3*j + 5*q - 47 = 0, -5*j + 2*q - 6*q + 74 = 0. Calculate the remainder when 138 is divided by j.
12
Let q = -4 + 0. Let l = q - -10. Suppose l*g = g + 90. Calculate the remainder when g is divided by 10.
8
Let l be 2/4 + (-21)/14. Let x(a) = -39*a - 2. What is the remainder when x(l) is divided by 13?
11
Suppose 3*f - 5 = 1. Suppose 0*i - 3*u = i + 11, 4*i = -3*u - 8. What is the remainder when f is divided by i?
0
Let o = 99 - 94. Calculate the remainder when 11 is divided by 7/(-6)*(-3 + o - 8).
4
Suppose 3*u = 4*u - 17. Let a = -65 - -95. What is the remainder when a is divided by u?
13
Let i(t) = -t + 9. Suppose 5*h - 5 - 15 = 0. Let x be i(h). Suppose 4*r - r - 19 = 4*k, -x*r + 4*k = -29. What is the remainder when 7 is divided by r?
2
Let v(y) = y**3 - 6*y**2 - 3*y + 2. Suppose 18 + 25 = 5*i - 2*u, 5*i - 51 = 4*u. What is the remainder when 179 is divided by v(i)?
29
Let g be (20/(-8))/(6/(-228)). Let p = g + -49. Calculate the remainder when p is divided by 10.
6
Let x = -4 - -8. Suppose -2*c - 120 = -4*h - 0*h, c + 88 = 3*h. Suppose -3*t = -4*o + h, -5*o + 3*t + 21 = -2*o. What is the remainder when o is divided by x?
3
Let v = -102 - -107. Suppose 0*z = 5*u - 4*z - 45, u + v*z - 38 = 0. Suppose 0 = 2*h - 6, h - 47 